culate the greatest common divisor of 46 and 11201.
23
Calculate the greatest common factor of 24 and 1746.
6
What is the highest common factor of 16 and 336?
16
Calculate the greatest common factor of 159 and 848.
53
What is the greatest common divisor of 4 and 52?
4
Calculate the greatest common divisor of 1875 and 50.
25
What is the highest common divisor of 1440 and 200?
40
What is the greatest common divisor of 301 and 43?
43
Calculate the greatest common factor of 30917 and 86.
43
What is the greatest common divisor of 1391 and 107?
107
What is the greatest common divisor of 41 and 1189?
41
Calculate the greatest common divisor of 192 and 6432.
96
What is the highest common divisor of 2670 and 390?
30
What is the greatest common divisor of 1 and 76?
1
Calculate the highest common factor of 98 and 2.
2
What is the highest common divisor of 432 and 348?
12
Calculate the highest common divisor of 28 and 364.
28
Calculate the highest common factor of 176 and 814.
22
Calculate the greatest common divisor of 2776 and 8.
8
What is the highest common factor of 138 and 690?
138
What is the greatest common factor of 154 and 484?
22
What is the highest common factor of 217 and 961?
31
What is the highest common divisor of 330 and 142890?
330
Calculate the highest common divisor of 3 and 3.
3
What is the highest common factor of 22528 and 22?
22
What is the greatest common divisor of 1150 and 7935?
115
Calculate the highest common factor of 78 and 104.
26
What is the greatest common divisor of 20 and 190?
10
Calculate the greatest common factor of 112 and 518.
14
Calculate the greatest common divisor of 50 and 460.
10
What is the highest common divisor of 16 and 21232?
16
What is the greatest common divisor of 14791 and 21?
7
Calculate the greatest common divisor of 56 and 16.
8
What is the highest common divisor of 14875 and 125?
125
Calculate the highest common factor of 248 and 584.
8
What is the highest common divisor of 1 and 156?
1
Calculate the greatest common factor of 234 and 156.
78
What is the highest common factor of 651 and 2232?
93
Calculate the greatest common divisor of 1140 and 60.
60
What is the greatest common divisor of 8 and 8?
8
What is the highest common factor of 551 and 95?
19
What is the greatest common factor of 836 and 1748?
76
What is the greatest common divisor of 15 and 2535?
15
What is the highest common divisor of 7 and 7168?
7
Calculate the highest common divisor of 28 and 14.
14
Calculate the highest common divisor of 110 and 10.
10
Calculate the highest common divisor of 675 and 54.
27
What is the greatest common divisor of 5 and 2565?
5
Calculate the highest common factor of 7136 and 96.
32
Calculate the highest common factor of 1864 and 16.
8
Calculate the highest common factor of 2061 and 1603.
229
Calculate the highest common factor of 6 and 3678.
6
What is the highest common divisor of 493 and 1241?
17
What is the greatest common factor of 384 and 432?
48
What is the greatest common factor of 81 and 36?
9
Calculate the greatest common factor of 3781 and 398.
199
Calculate the highest common factor of 6 and 57.
3
Calculate the highest common divisor of 16 and 26.
2
Calculate the highest common factor of 60 and 201.
3
Calculate the highest common divisor of 345 and 60.
15
Calculate the highest common factor of 2773 and 59.
59
Calculate the greatest common factor of 160 and 20.
20
Calculate the highest common divisor of 418 and 304.
38
Calculate the greatest common divisor of 760 and 280.
40
What is the greatest common factor of 41 and 21115?
41
Calculate the highest common factor of 6 and 57.
3
What is the greatest common divisor of 42 and 1170?
6
What is the highest common divisor of 103 and 4635?
103
Calculate the greatest common divisor of 368 and 16.
16
What is the greatest common factor of 14141 and 895?
179
What is the highest common divisor of 63 and 72?
9
What is the highest common divisor of 6817 and 17?
17
What is the highest common divisor of 27 and 2727?
27
Calculate the highest common divisor of 81 and 1.
1
What is the highest common divisor of 285 and 95?
95
Calculate the highest common factor of 18 and 1575.
9
Calculate the greatest common factor of 847 and 77.
77
What is the highest common factor of 18 and 3609?
9
What is the greatest common divisor of 320 and 8192?
64
What is the greatest common factor of 14927 and 23?
23
Calculate the greatest common divisor of 414 and 774.
18
Calculate the greatest common divisor of 85 and 68.
17
Calculate the highest common divisor of 3213 and 4046.
119
Calculate the greatest common divisor of 621 and 9.
9
What is the greatest common divisor of 5 and 195?
5
Calculate the highest common factor of 348 and 12.
12
Calculate the greatest common factor of 1071 and 2907.
153
What is the greatest common divisor of 25 and 95?
5
Calculate the greatest common factor of 441 and 1116.
9
What is the highest common factor of 20 and 2520?
20
Calculate the highest common factor of 616 and 364.
28
What is the greatest common divisor of 87 and 203?
29
What is the greatest common factor of 16 and 39184?
16
Calculate the greatest common factor of 8 and 6440.
8
Calculate the greatest common divisor of 8748 and 24.
12
What is the highest common factor of 225 and 495?
45
What is the greatest common factor of 165 and 110?
55
Calculate the highest common divisor of 391 and 23.
23
Calculate the highest common divisor of 292 and 2263.
73
Calculate the highest common divisor of 62 and 7936.
62
What is the highest common divisor of 53 and 53?
53
Calculate the greatest common factor of 636 and 106.
106
Calculate the highest common divisor of 86 and 903.
43
Calculate the highest common divisor of 44 and 286.
22
Calculate the greatest common factor of 62 and 93.
31
Calculate the highest common divisor of 56 and 32.
8
Calculate the greatest common factor of 17 and 425.
17
What is the highest common divisor of 80371 and 179?
179
Calculate the highest common divisor of 38 and 4408.
38
What is the highest common divisor of 1581 and 17?
17
What is the highest common divisor of 95 and 18905?
95
What is the greatest common divisor of 7404 and 42?
6
Calculate the highest common divisor of 502 and 32.
2
What is the highest common factor of 12 and 12?
12
What is the highest common divisor of 1244 and 4?
4
Calculate the greatest common factor of 30 and 1370.
10
Calculate the greatest common divisor of 891 and 33.
33
What is the greatest common divisor of 404 and 7070?
202
What is the highest common divisor of 1 and 5205?
1
Calculate the highest common factor of 27 and 504.
9
What is the greatest common divisor of 19 and 19?
19
What is the greatest common divisor of 5 and 220?
5
Calculate the greatest common factor of 21 and 12621.
21
Calculate the highest common divisor of 20 and 13500.
20
Calculate the greatest common divisor of 160 and 128.
32
Calculate the greatest common divisor of 792 and 168.
24
Calculate the greatest common divisor of 7148 and 4.
4
What is the highest common factor of 6500 and 1820?
260
What is the greatest common factor of 27 and 3537?
27
Calculate the highest common factor of 14 and 12334.
14
What is the greatest common factor of 26 and 1937?
13
Calculate the greatest common factor of 6201 and 936.
117
Calculate the greatest common factor of 22 and 1078.
22
What is the greatest common divisor of 856 and 963?
107
What is the highest common divisor of 9 and 21?
3
What is the greatest common factor of 88 and 33?
11
What is the greatest common divisor of 99 and 891?
99
Calculate the highest common divisor of 290 and 5.
5
What is the greatest common factor of 19 and 51889?
19
Calculate the greatest common factor of 1222 and 94.
94
What is the greatest common factor of 51 and 3978?
51
Calculate the highest common factor of 414 and 171.
9
Calculate the greatest common divisor of 60 and 90.
30
Calculate the highest common factor of 13973 and 157.
157
Calculate the greatest common divisor of 62 and 310.
62
What is the highest common factor of 1650 and 10?
10
Calculate the greatest common divisor of 572 and 3916.
44
Calculate the highest common factor of 11211 and 909.
303
What is the highest common divisor of 30 and 70?
10
Calculate the highest common divisor of 154 and 4774.
154